20
Let l(v) = -2*v**2 - 66*v + 342. Give l(5).
-38
Let a(w) = -w**3 + 25*w**2 + 155*w - 190. What is a(30)?
-40
Let k(o) = -o**3 + o**2 + 2*o - 81. What is k(0)?
-81
Let z(k) = 23*k + 631. What is z(-28)?
-13
Let u(x) = 16*x**2 - 23*x + 32. What is u(3)?
107
Let f(m) = -3*m**3 - 33*m**2 - 41*m + 113. Give f(-9).
-4
Let n(p) = -4*p**3 - 70*p**2 - 32*p + 41. What is n(-17)?
7
Let x(h) = -16*h**2 - 182*h - 262. Determine x(-9).
80
Let p(v) = -v**2 - 16*v + 91. What is p(-13)?
130
Let w(h) = -4*h + 52. Calculate w(14).
-4
Let z(s) = 2*s**3 + 32*s**2 - 13*s - 138. Determine z(-16).
70
Let w(v) = 252*v - 4539. Determine w(18).
-3
Let p(b) = -b**3 + 27*b**2 + 22*b + 178. Calculate p(28).
10
Let z(i) = -i**2 - 80*i - 507. What is z(-7)?
4
Let v(g) = -2*g**3 - 13*g**2 - 72*g + 47. Give v(-6).
443
Let y(o) = 5*o**2 - 109*o - 33. What is y(23)?
105
Let o(v) = 13*v**3 + 171*v + 170. Determine o(-1).
-14
Let l(m) = -m**3 + 20*m**2 - 96*m - 41. Calculate l(10).
-1
Let z(f) = -77*f**2 + 1467*f - 79. Give z(19).
-3
Let q(p) = 3*p**2 + 81*p + 116. Give q(-24).
-100
Let r(l) = 2*l - 25. What is r(22)?
19
Let v(s) = 544*s - 36995. Determine v(68).
-3
Let v(z) = z**2 - 4*z - 8. Give v(23).
429
Let p(b) = -1294*b + 20671. Determine p(16).
-33
Let f(r) = -r**3 - 97*r**2 - 1159*r + 207. Determine f(-83).
-42
Let i(w) = -w**3 - 7*w**2 - 46*w - 141. What is i(-4)?
-5
Let s(d) = -87*d + 3538. Determine s(39).
145
Let x(o) = 2*o**2 + 39*o + 673. Calculate x(-12).
493
Let g(s) = 49*s - 831. What is g(18)?
51
Let u(l) = 16*l + 92. Determine u(-11).
-84
Let r(y) = 26*y - 2496. Determine r(101).
130
Let v(h) = h**3 - 9*h**2 - 16*h + 84. Calculate v(4).
-60
Let f(b) = -b**3 + 37*b**2 + 87*b - 348. What is f(39)?
3
Let i(t) = 37*t + 53. Calculate i(-7).
-206
Let i(k) = 79*k**2 - 104*k - 210. Calculate i(-2).
314
Let j(g) = -g**2 - 16*g + 111. Calculate j(5).
6
Let q(o) = -o**3 + 41*o**2 + 46. Calculate q(41).
46
Let r(l) = -10*l + 2013. Give r(196).
53
Let y(o) = 6*o**3 - 4*o**2 + 12*o + 4. Determine y(2).
60
Let t(w) = -w**3 + w**2 + w + 37. Give t(-6).
283
Let j(c) = c**3 - 12*c**2 + 57*c - 121. Determine j(6).
5
Let y(m) = m**3 - 20*m**2 - 509*m + 10249. Determine y(22).
19
Let x(a) = a**3 - 25*a**2 - 172*a - 358. Give x(31).
76
Let g(t) = 43*t - 257. Determine g(7).
44
Let x(d) = -d**3 + 5*d**2 - 10*d - 6. Give x(3).
-18
Let c(u) = 20*u**3 + 2045*u**2 + 510*u - 3. Give c(-102).
-3
Let q(d) = -36*d**2 - 4*d - 11. Calculate q(-2).
-147
Let a(p) = -5*p**2 - 58*p + 57. What is a(1)?
-6
Let f(z) = 25*z**3 + 10*z**2 + 17*z + 1. Give f(-2).
-193
Let k(r) = -73*r + 946. What is k(13)?
-3
Let g(b) = 63*b + 2952. What is g(-47)?
-9
Let k(c) = 57*c - 269. Give k(4).
-41
Let q(i) = 2*i**2 + 14*i - 286. Determine q(-16).
2
Let o(y) = 806*y + 15323. Determine o(-19).
9
Let i(x) = -2*x**3 - x**2 - 18*x + 95. What is i(6)?
-481
Let m(q) = -250*q + 4753. Calculate m(19).
3
Let a(z) = 4*z**3 - 6*z**2 - 22*z - 63. Give a(-3).
-159
Let z(r) = -2092*r + 12560. What is z(6)?
8
Let x(c) = -117*c + 203. Calculate x(2).
-31
Let h(l) = -116*l**2 + 41*l - 42. What is h(1)?
-117
Let x(s) = -6*s**2 - 16*s - 54. Determine x(-5).
-124
Let x(z) = -2*z - 8. Determine x(-13).
18
Let w(s) = -17*s + 101. Give w(5).
16
Let y(z) = 2*z**3 - 149*z**2 - 72*z - 222. Give y(75).
3
Let r(g) = 1428*g + 7106. Calculate r(-5).
-34
Let y(c) = -163*c - 162. What is y(-1)?
1
Let s(k) = 132*k**2 - 259*k - 2. Determine s(2).
8
Let a(i) = -i**2 - 4*i + 10. Calculate a(8).
-86
Let p(m) = -6*m**3 - 3*m**2 - 6*m + 2. What is p(-3)?
155
Let o(y) = y**3 - 11*y**2 + 147. Determine o(10).
47
Let k(l) = l**2 + 32*l - 126. Give k(-39).
147
Let m(v) = -7*v**2 - 139*v - 229. What is m(-18)?
5
Let v(x) = -31*x**2 + 368*x + 43. Determine v(12).
-5
Let n(c) = 36*c - 1206. Calculate n(33).
-18
Let l(u) = -409*u + 38441. What is l(94)?
-5
Let n(i) = -24*i**2 + 173*i + 735. Calculate n(-4).
-341
Let v(g) = 3*g - 112. Calculate v(-26).
-190
Let h(p) = p**3 + 12*p**2 + 25*p - 14. Calculate h(-9).
4
Let b(s) = 94*s**3 - 2*s**2 + 27*s + 28. Give b(-1).
-95
Let s(b) = b**3 - 10*b**2 - 144*b + 496. What is s(3)?
1
Let r(x) = -4*x**3 + 28*x**2 + 71*x + 8. Calculate r(9).
-1
Let v(a) = 35*a - 385. What is v(11)?
0
Let f(z) = -z**3 + 17*z**2 + 257*z - 4184. Determine f(19).
-23
Let z(b) = 2*b**3 - 46*b**2 + 129*b - 1868. Determine z(22).
2
Let f(l) = -1881*l - 7518. What is f(-4)?
6
Let t(y) = -y**2 - 62*y - 400. What is t(-41)?
461
Let w(y) = -409*y + 3686. Calculate w(9).
5
Let l(c) = -4*c**3 + 9*c - 13. Determine l(-4).
207
Let i(v) = -2*v**3 - 36*v**2 + 29*v - 151. Calculate i(-19).
20
Let c(x) = -1293*x - 86637. What is c(-67)?
-6
Let o(t) = 3*t - 53. What is o(-39)?
-170
Let u(h) = 6*h**3 - 38*h**2 + 12*h - 4. What is u(6)?
-4
Let w(h) = 5*h**3 - h**2 - 12*h + 5. Calculate w(-2).
-15
Let g(d) = 8*d**2 - 2*d - 13. What is g(-3)?
65
Let n(d) = 437*d - 501. Determine n(1).
-64
Let s(z) = z**3 - 19*z**2 + 81*z + 37. Determine s(9).
-44
Let j(g) = -g**3 + 67*g**2 - 194*g + 149. What is j(64)?
21
Let r(f) = 3*f**2 - 9*f + 95. Give r(9).
257
Let z(h) = -3*h**2 - 15*h - 4. Determine z(-6).
-22
Let h(d) = d**3 + 6*d**2 + 5*d. Calculate h(0).
0
Let k(i) = -i**3 - 112*i**2 - 20*i - 2235. Calculate k(-112).
5
Let z(x) = -x**2 + 18*x - 80. Determine z(8).
0
Let y(o) = o**3 + 4*o**2 - 62*o - 41. Calculate y(7).
64
Let o(u) = u**2 - 3*u - 172. Determine o(13).
-42
Let r(u) = -u**3 - 7*u**2 - 18*u - 81. Give r(-5).
-41
Let h(u) = 64*u - 1571. Calculate h(24).
-35
Let l(w) = -w**3 - 3*w**2 + 25*w + 62. Give l(-6).
20
Let z(o) = 3*o**2 - 23*o - 188. What is z(16)?
212
Let a(u) = -u**3 - 74*u**2 - 529*u - 33. What is a(-66)?
33
Let g(k) = 4*k**2 - 15*k - 30. What is g(5)?
-5
Let s(q) = -2*q**3 - 5*q**2 + 19*q + 35. Determine s(-4).
7
Let m(s) = -s**3 + 16*s**2 - 36*s - 16. What is m(12)?
128
Let c(u) = -13*u + 422. Give c(14).
240
Let o(s) = -s**2 + 61*s - 312. Determine o(6).
18
Let o(r) = r**3 - 28*r - 9. Give o(-5).
6
Let y(x) = -x**2 + 171*x - 840. Determine y(5).
-10
Let t(n) = n**2 - 68*n - 426. Give t(-6).
18
Let m(h) = 5*h**2 - 98*h + 760. Determine m(10).
280
Let h(b) = -34*b - 1305. What is h(-38)?
-13
Let y(o) = 10*o**2 + 17*o - 23. Give y(5).
312
Let p(k) = -29*k**2 - 27*k + 38. What is p(-2)?
-24
Let a(k) = -k**3 + 18*k**2 + 35*k - 5. Give a(20).
-105
Let d(j) = -j**3 + 8*j**2 - 22*j - 3. Calculate d(5).
-38
Let l(k) = -144*k**2 - 524*k - 469. Determine l(-2).
3
Let y(q) = -4*q**2 - 26*q - 42. Determine y(-5).
-12
Let g(n) = -n**3 - 6*n**2 - 176*n - 677. Calculate g(-4).
-5
Let i(f) = -24*f + 46. Calculate i(-12).
334
Let x(y) = -y**3 + y**2 + 100*y - 18. Give x(10).
82
Let q(l) = -2*l**3 + 8*l**2 + 27*l - 79. What is q(-4)?
69
Let r(l) = -5*l**2 - 159*l + 832. What is r(5)?
-88
Let z(w) = -w**3 + 4*w - 32. Calculate z(0).
-32
Let p(u) = -184*u - 986. Calculate p(-5).
-66
Let z(s) = 3*s**2 - 191*s + 1. Give z(64).
65
Let w(v) = 84*v - 6219. Calculate w(77).
249
Let k(w) = 43*w + 2381. Determine k(-55).
16
Let h(b) = -2*b**2 + 100*b + 314. Calculate h(53).
-4
Let w(j) = -5*j**2. Calculate w(1).
-5
Let z(x) = x**2 - 17*x + 88. Calculate z(7).
18
Let m(q) = 2*q**3 - 14*q**2 + 56*q - 572. Determine m(8).
4
Let d(a) = -6*a - 214. Calculate d(-24).
-70
Let l(n) = 54*n**2 - 7*n + 82. Calculate l(3).
547
Let g(v) = -3*v**2 + 20*v + 62. Give g(8).
30
Let v(o) = -2*o**2 - 15*o + 7. Calculate v(-14).
-175
Let q(j) = j**3 - 9*j**2 - 37*j + 10. What is q(12)?
-2
Let t(o) = o**2 + 91*o + 1552. Give t(-23).
-12
Let l(z) = -256*z**2 + 1022*z + 17. Determine l(4).
9
Let h(w) = 73*w - 1460. Determine h(20).
0
Let k(t) = -t**2 - 473*t - 3721. Calculate k(-8).
-1
Let s(h) = -2*h**2 - 95*h - 1133. Determine s(-20).
-33
Let y(r) = -r**3 + 89*r**2 + 578*r - 762. Calculate y(95).
-2
Let v(f) = 4*f**2 - 9*f - 106. What is v(-11)?
477
Let l(m) = 3*m**2 - 292*m - 461. Give l(99).
34
Let y(b) = -203*b - 2510. Calculate y(-13).
129
Let g(m) = m**3 + 3*m**2 + 1. Determine g(3).
55
Let y(a) = 162*a + 610. Determine y(-4).
-38
Let k(h) = h**3 - 18*h**2 + 388*h - 5702. Determine k(16).
-6
Let m(u) = -3*u**2 - 74*u - 309. Determine m(-7).
62
Let o(j) = -12*j**3 + 60*j**2 + 78*j - 1. What is o(6)?
35
Let g(w) = 25*w + 52. What is g(8)?
252
Let o(y) = -19*y - 348. Give o(-18).
-6